{"id":10027,"date":"2022-11-15T10:33:09","date_gmt":"2022-11-15T09:33:09","guid":{"rendered":"https:\/\/www.maritimbarcelona.org\/agenda\/les-xerrades-del-maritim-15\/"},"modified":"2023-06-06T11:29:24","modified_gmt":"2023-06-06T09:29:24","slug":"les-xerrades-del-maritim-15","status":"publish","type":"mec-events","link":"https:\/\/www.maritimbarcelona.org\/fr\/calendari\/les-xerrades-del-maritim-15\/","title":{"rendered":"LES XERRADES DEL MAR\u00cdTIM"},"content":{"rendered":"<p>Benvolguts\/des socis i s\u00f2cies,<\/p>\n<p>Us convidem aquest proper divendres, 18 de novembre a les 19h, a una nova xerrada amb Leonardo Garc\u00eda de Vicentiis, que ens parlar\u00e0 de l&#8217;embarcaci\u00f3 \u00ab\u00a0NI\u00d1A LUISITA\u00a0\u00bb i la seva hist\u00f2ria.<\/p>\n<p>Apunteu-vos a: club@maritimbarcelona.org<\/p>\n","protected":false},"excerpt":{"rendered":"<p>Benvolguts\/des socis i s\u00f2cies, Us convidem aquest proper divendres, 18 de novembre a les 19h, a una nova xerrada amb Leonardo Garc\u00eda de Vicentiis, que ens parlar\u00e0 de l&#8217;embarcaci\u00f3 \u00ab\u00a0NI\u00d1A LUISITA\u00a0\u00bb i la seva hist\u00f2ria. Apunteu-vos a: club@maritimbarcelona.org<\/p>\n","protected":false},"author":4,"featured_media":10024,"comment_status":"closed","ping_status":"closed","template":"","mec_category":[182],"mec_tag":[261],"class_list":["post-10027","mec-events","type-mec-events","status-publish","has-post-thumbnail","hentry","mec_category-club-fr","mec_tag-xerrades-fr"],"_links":{"self":[{"href":"https:\/\/www.maritimbarcelona.org\/fr\/wp-json\/wp\/v2\/mec-events\/10027","targetHints":{"allow":["GET"]}}],"collection":[{"href":"https:\/\/www.maritimbarcelona.org\/fr\/wp-json\/wp\/v2\/mec-events"}],"about":[{"href":"https:\/\/www.maritimbarcelona.org\/fr\/wp-json\/wp\/v2\/types\/mec-events"}],"author":[{"embeddable":true,"href":"https:\/\/www.maritimbarcelona.org\/fr\/wp-json\/wp\/v2\/users\/4"}],"replies":[{"embeddable":true,"href":"https:\/\/www.maritimbarcelona.org\/fr\/wp-json\/wp\/v2\/comments?post=10027"}],"wp:featuredmedia":[{"embeddable":true,"href":"https:\/\/www.maritimbarcelona.org\/fr\/wp-json\/wp\/v2\/media\/10024"}],"wp:attachment":[{"href":"https:\/\/www.maritimbarcelona.org\/fr\/wp-json\/wp\/v2\/media?parent=10027"}],"wp:term":[{"taxonomy":"mec_category","embeddable":true,"href":"https:\/\/www.maritimbarcelona.org\/fr\/wp-json\/wp\/v2\/mec_category?post=10027"},{"taxonomy":"mec_tag","embeddable":true,"href":"https:\/\/www.maritimbarcelona.org\/fr\/wp-json\/wp\/v2\/mec_tag?post=10027"}],"curies":[{"name":"wp","href":"https:\/\/api.w.org\/{rel}","templated":true}]}}

LES XERRADES DEL MARÍTIM

<p>Benvolguts/des socis i sòcies,</p>
<p>Us convidem aquest proper divendres, 18 de novembre a les 19h, a una nova xerrada amb Leonardo García de Vicentiis, que ens parlarà de l&#8217;embarcació « NIÑA LUISITA » i la seva història.</p>
<p>Apunteu-vos a: club@maritimbarcelona.org</p>

<p>Benvolguts/des socis i sòcies, Us convidem aquest proper divendres, 18 de novembre a les 19h, a una nova xerrada amb Leonardo García de Vicentiis, que ens parlarà de l&#8217;embarcació « NIÑA LUISITA » i la seva història. Apunteu-vos a: club@maritimbarcelona.org</p>
