{"id":8872,"date":"2022-03-04T16:39:33","date_gmt":"2022-03-04T15:39:33","guid":{"rendered":"https:\/\/www.maritimbarcelona.org\/agenda\/les-nits-musicals-del-maritim\/"},"modified":"2022-03-05T16:14:45","modified_gmt":"2022-03-05T15:14:45","slug":"les-nits-musicals-del-maritim","status":"publish","type":"mec-events","link":"https:\/\/www.maritimbarcelona.org\/es\/calendari\/les-nits-musicals-del-maritim\/","title":{"rendered":"LES NITS MUSICALS DEL MAR\u00cdTIM"},"content":{"rendered":"<p>Benvolguts\/des,<\/p>\n<p>Us convidem a gaudir d&#8217;aquest esdeveniment musical el proper diumenge 13 de mar\u00e7 al Sal\u00f3 Noble del Club.<br \/>\nComen\u00e7ar\u00e0 a les 12:00 i acabar\u00e0 entre les 15:00 i 15:30 hores<\/p>\n<p>Compra de l&#8217;entrada al club el mateix diumenge, es podr\u00e0 pagar amb efectiu o bizum (directament amb els organitzadors)<\/p>\n<p>Us esperem!<\/p>\n<p><a href=\"https:\/\/www.maritimbarcelona.org\/wp-content\/uploads\/2022\/03\/Les-nits-Musicals-del-Maritim.pdf\">Les nits Musicals del Mar\u00edtim<\/a><\/p>\n","protected":false},"excerpt":{"rendered":"<p>Benvolguts\/des, Us convidem a gaudir d&#8217;aquest esdeveniment musical el proper diumenge 13 de mar\u00e7 al Sal\u00f3 Noble del Club. Comen\u00e7ar\u00e0 a les 12:00 i acabar\u00e0 entre les 15:00 i 15:30 hores Compra de l&#8217;entrada al club el mateix diumenge, es podr\u00e0 pagar amb efectiu o bizum (directament amb els organitzadors) Us esperem! Les nits Musicals [&hellip;]<\/p>\n","protected":false},"author":4,"featured_media":8863,"comment_status":"closed","ping_status":"closed","template":"","mec_category":[181],"mec_tag":[233],"class_list":["post-8872","mec-events","type-mec-events","status-publish","has-post-thumbnail","hentry","mec_category-club-es","mec_tag-social-es"],"_links":{"self":[{"href":"https:\/\/www.maritimbarcelona.org\/es\/wp-json\/wp\/v2\/mec-events\/8872","targetHints":{"allow":["GET"]}}],"collection":[{"href":"https:\/\/www.maritimbarcelona.org\/es\/wp-json\/wp\/v2\/mec-events"}],"about":[{"href":"https:\/\/www.maritimbarcelona.org\/es\/wp-json\/wp\/v2\/types\/mec-events"}],"author":[{"embeddable":true,"href":"https:\/\/www.maritimbarcelona.org\/es\/wp-json\/wp\/v2\/users\/4"}],"replies":[{"embeddable":true,"href":"https:\/\/www.maritimbarcelona.org\/es\/wp-json\/wp\/v2\/comments?post=8872"}],"wp:featuredmedia":[{"embeddable":true,"href":"https:\/\/www.maritimbarcelona.org\/es\/wp-json\/wp\/v2\/media\/8863"}],"wp:attachment":[{"href":"https:\/\/www.maritimbarcelona.org\/es\/wp-json\/wp\/v2\/media?parent=8872"}],"wp:term":[{"taxonomy":"mec_category","embeddable":true,"href":"https:\/\/www.maritimbarcelona.org\/es\/wp-json\/wp\/v2\/mec_category?post=8872"},{"taxonomy":"mec_tag","embeddable":true,"href":"https:\/\/www.maritimbarcelona.org\/es\/wp-json\/wp\/v2\/mec_tag?post=8872"}],"curies":[{"name":"wp","href":"https:\/\/api.w.org\/{rel}","templated":true}]}}

LES NITS MUSICALS DEL MARÍTIM

<p>Benvolguts/des,</p>
<p>Us convidem a gaudir d&#8217;aquest esdeveniment musical el proper diumenge 13 de març al Saló Noble del Club.<br />
Començarà a les 12:00 i acabarà entre les 15:00 i 15:30 hores</p>
<p>Compra de l&#8217;entrada al club el mateix diumenge, es podrà pagar amb efectiu o bizum (directament amb els organitzadors)</p>
<p>Us esperem!</p>
<p><a href="https://www.maritimbarcelona.org/wp-content/uploads/2022/03/Les-nits-Musicals-del-Maritim.pdf">Les nits Musicals del Marítim</a></p>

<p>Benvolguts/des, Us convidem a gaudir d&#8217;aquest esdeveniment musical el proper diumenge 13 de març al Saló Noble del Club. Començarà a les 12:00 i acabarà entre les 15:00 i 15:30 hores Compra de l&#8217;entrada al club el mateix diumenge, es podrà pagar amb efectiu o bizum (directament amb els organitzadors) Us esperem! Les nits Musicals [&hellip;]</p>
