{"id":7382,"date":"2021-12-02T18:31:14","date_gmt":"2021-12-02T17:31:14","guid":{"rendered":"https:\/\/www.maritimbarcelona.org\/agenda\/costanera1-agusti-gomez-rahola-2\/"},"modified":"2023-06-06T11:29:38","modified_gmt":"2023-06-06T09:29:38","slug":"costanera1-agusti-gomez-rahola","status":"publish","type":"mec-events","link":"https:\/\/www.maritimbarcelona.org\/es\/calendari\/costanera1-agusti-gomez-rahola\/","title":{"rendered":"Costanera1 &#8211; Agust\u00ed G\u00f3mez Rahola"},"content":{"rendered":"<p>Incripci\u00f3 oberta.<\/p>\n<p>Primera Costanera. Anada al Far de Torredembarra i tornada. Solitaris, A2 i tripulaci\u00f3.<\/p>\n<p>TOA: <a href=\"https:\/\/maritimbarcelona.sailti.com\/es\/default\/races\/race-toa\/text\/i-costanera-2022-vi-memorial-agusti-gomez-rahola-es\">Sailti<\/a><\/p>\n","protected":false},"excerpt":{"rendered":"<p>Incripci\u00f3 oberta. Primera Costanera. Anada al Far de Torredembarra i tornada. Solitaris, A2 i tripulaci\u00f3. TOA: Sailti<\/p>\n","protected":false},"author":5,"featured_media":5547,"comment_status":"closed","ping_status":"closed","template":"","mec_category":[76],"mec_tag":[193],"class_list":["post-7382","mec-events","type-mec-events","status-publish","has-post-thumbnail","hentry","mec_category-crucero","mec_tag-regata-es"],"_links":{"self":[{"href":"https:\/\/www.maritimbarcelona.org\/es\/wp-json\/wp\/v2\/mec-events\/7382","targetHints":{"allow":["GET"]}}],"collection":[{"href":"https:\/\/www.maritimbarcelona.org\/es\/wp-json\/wp\/v2\/mec-events"}],"about":[{"href":"https:\/\/www.maritimbarcelona.org\/es\/wp-json\/wp\/v2\/types\/mec-events"}],"author":[{"embeddable":true,"href":"https:\/\/www.maritimbarcelona.org\/es\/wp-json\/wp\/v2\/users\/5"}],"replies":[{"embeddable":true,"href":"https:\/\/www.maritimbarcelona.org\/es\/wp-json\/wp\/v2\/comments?post=7382"}],"wp:featuredmedia":[{"embeddable":true,"href":"https:\/\/www.maritimbarcelona.org\/es\/wp-json\/wp\/v2\/media\/5547"}],"wp:attachment":[{"href":"https:\/\/www.maritimbarcelona.org\/es\/wp-json\/wp\/v2\/media?parent=7382"}],"wp:term":[{"taxonomy":"mec_category","embeddable":true,"href":"https:\/\/www.maritimbarcelona.org\/es\/wp-json\/wp\/v2\/mec_category?post=7382"},{"taxonomy":"mec_tag","embeddable":true,"href":"https:\/\/www.maritimbarcelona.org\/es\/wp-json\/wp\/v2\/mec_tag?post=7382"}],"curies":[{"name":"wp","href":"https:\/\/api.w.org\/{rel}","templated":true}]}}

Costanera1 &#8211; Agustí Gómez Rahola

<p>Incripció oberta.</p>
<p>Primera Costanera. Anada al Far de Torredembarra i tornada. Solitaris, A2 i tripulació.</p>
<p>TOA: <a href="https://maritimbarcelona.sailti.com/es/default/races/race-toa/text/i-costanera-2022-vi-memorial-agusti-gomez-rahola-es">Sailti</a></p>

<p>Incripció oberta. Primera Costanera. Anada al Far de Torredembarra i tornada. Solitaris, A2 i tripulació. TOA: Sailti</p>
