{"id":9606,"date":"2022-06-17T18:07:52","date_gmt":"2022-06-17T16:07:52","guid":{"rendered":"https:\/\/www.maritimbarcelona.org\/agenda\/sant-joan-nit-magica-al-maritim\/"},"modified":"2023-06-06T11:29:29","modified_gmt":"2023-06-06T09:29:29","slug":"sant-joan-nit-magica-al-maritim","status":"publish","type":"mec-events","link":"https:\/\/www.maritimbarcelona.org\/en\/calendari\/sant-joan-nit-magica-al-maritim\/","title":{"rendered":"SANT JOAN- NIT M\u00c0GICA AL MAR\u00cdTIM"},"content":{"rendered":"<p>Benvolguts\/des,<\/p>\n<p>El pr\u00f2xim dijous 23 de juny de 20.00 a 23.00 hores us convidem a gaudir d&#8217;una nit m\u00e0gica al bar del club amb un Pica-Pica, seguit de m\u00fasica ambient a la terrassa:<\/p>\n<p>Pernill ib\u00e8ric amb pa de vidre &#8211; Nachos amb guacamole<\/p>\n<p>Truita de patates tradicional &#8211; Escalivada amb anxova<\/p>\n<p>Croquetes &#8211; Braves<\/p>\n<p>1 Consumici\u00f3 (cervesa, vi, refresc o aigua)<\/p>\n<p>Coca de Sant Joan i copa capa<\/p>\n<p>Podeu reservar taula al: 663628516<\/p>\n<p>Us hi esperem!<\/p>\n","protected":false},"excerpt":{"rendered":"<p>Benvolguts\/des, El pr\u00f2xim dijous 23 de juny de 20.00 a 23.00 hores us convidem a gaudir d&#8217;una nit m\u00e0gica al bar del club amb un Pica-Pica, seguit de m\u00fasica ambient a la terrassa: Pernill ib\u00e8ric amb pa de vidre &#8211; Nachos amb guacamole Truita de patates tradicional &#8211; Escalivada amb anxova Croquetes &#8211; Braves 1 [&hellip;]<\/p>\n","protected":false},"author":4,"featured_media":9603,"comment_status":"closed","ping_status":"closed","template":"","mec_category":[180],"mec_tag":[231],"class_list":["post-9606","mec-events","type-mec-events","status-publish","has-post-thumbnail","hentry","mec_category-club-en","mec_tag-social-en"],"_links":{"self":[{"href":"https:\/\/www.maritimbarcelona.org\/en\/wp-json\/wp\/v2\/mec-events\/9606","targetHints":{"allow":["GET"]}}],"collection":[{"href":"https:\/\/www.maritimbarcelona.org\/en\/wp-json\/wp\/v2\/mec-events"}],"about":[{"href":"https:\/\/www.maritimbarcelona.org\/en\/wp-json\/wp\/v2\/types\/mec-events"}],"author":[{"embeddable":true,"href":"https:\/\/www.maritimbarcelona.org\/en\/wp-json\/wp\/v2\/users\/4"}],"replies":[{"embeddable":true,"href":"https:\/\/www.maritimbarcelona.org\/en\/wp-json\/wp\/v2\/comments?post=9606"}],"wp:featuredmedia":[{"embeddable":true,"href":"https:\/\/www.maritimbarcelona.org\/en\/wp-json\/wp\/v2\/media\/9603"}],"wp:attachment":[{"href":"https:\/\/www.maritimbarcelona.org\/en\/wp-json\/wp\/v2\/media?parent=9606"}],"wp:term":[{"taxonomy":"mec_category","embeddable":true,"href":"https:\/\/www.maritimbarcelona.org\/en\/wp-json\/wp\/v2\/mec_category?post=9606"},{"taxonomy":"mec_tag","embeddable":true,"href":"https:\/\/www.maritimbarcelona.org\/en\/wp-json\/wp\/v2\/mec_tag?post=9606"}],"curies":[{"name":"wp","href":"https:\/\/api.w.org\/{rel}","templated":true}]}}

SANT JOAN- NIT MÀGICA AL MARÍTIM

<p>Benvolguts/des,</p>
<p>El pròxim dijous 23 de juny de 20.00 a 23.00 hores us convidem a gaudir d&#8217;una nit màgica al bar del club amb un Pica-Pica, seguit de música ambient a la terrassa:</p>
<p>Pernill ibèric amb pa de vidre &#8211; Nachos amb guacamole</p>
<p>Truita de patates tradicional &#8211; Escalivada amb anxova</p>
<p>Croquetes &#8211; Braves</p>
<p>1 Consumició (cervesa, vi, refresc o aigua)</p>
<p>Coca de Sant Joan i copa capa</p>
<p>Podeu reservar taula al: 663628516</p>
<p>Us hi esperem!</p>

<p>Benvolguts/des, El pròxim dijous 23 de juny de 20.00 a 23.00 hores us convidem a gaudir d&#8217;una nit màgica al bar del club amb un Pica-Pica, seguit de música ambient a la terrassa: Pernill ibèric amb pa de vidre &#8211; Nachos amb guacamole Truita de patates tradicional &#8211; Escalivada amb anxova Croquetes &#8211; Braves 1 [&hellip;]</p>
