{"id":9589,"date":"2022-06-09T10:31:47","date_gmt":"2022-06-09T08:31:47","guid":{"rendered":"https:\/\/www.maritimbarcelona.org\/agenda\/les-xerrades-del-maritim-11\/"},"modified":"2023-06-06T11:29:30","modified_gmt":"2023-06-06T09:29:30","slug":"les-xerrades-del-maritim-11","status":"publish","type":"mec-events","link":"https:\/\/www.maritimbarcelona.org\/en\/calendari\/les-xerrades-del-maritim-11\/","title":{"rendered":"LES XERRADES DEL MAR\u00cdTIM"},"content":{"rendered":"<p>Socis, amics i navegants<\/p>\n<p>El proper divendres 17 de juny a les 19h, us convidem a la xerrada que ens oferir\u00e0 Tony Gratac\u00f3s sobre la seva novel\u00b7la &#8220;Nadie lo sabe&#8221;, un thriller fascinant sobre la primera volta al m\u00f3n.<\/p>\n<p>Us esperem al Sal\u00f3 Noble.<\/p>\n<p>Agrairem confirmaci\u00f3 d\u2019assist\u00e8ncia, enviant un e-mail a:\u00a0<a href=\"mailto:club@maritimbarcelona.org\">club@maritimbarcelona.org<\/a><\/p>\n<p>&nbsp;<\/p>\n<p><a href=\"https:\/\/www.maritimbarcelona.org\/wp-content\/uploads\/2022\/06\/Nadie-lo-sabe_CAT.pdf\">Nadie lo sabe_CAT<\/a> <a href=\"https:\/\/www.maritimbarcelona.org\/wp-content\/uploads\/2022\/06\/Nadie-lo-sabe_CAST.pdf\">Nadie lo sabe_CAST<\/a><\/p>\n","protected":false},"excerpt":{"rendered":"<p>Socis, amics i navegants El proper divendres 17 de juny a les 19h, us convidem a la xerrada que ens oferir\u00e0 Tony Gratac\u00f3s sobre la seva novel\u00b7la &#8220;Nadie lo sabe&#8221;, un thriller fascinant sobre la primera volta al m\u00f3n. Us esperem al Sal\u00f3 Noble. Agrairem confirmaci\u00f3 d\u2019assist\u00e8ncia, enviant un e-mail a:\u00a0club@maritimbarcelona.org &nbsp; Nadie lo sabe_CAT [&hellip;]<\/p>\n","protected":false},"author":4,"featured_media":9586,"comment_status":"closed","ping_status":"closed","template":"","mec_category":[180],"mec_tag":[216],"class_list":["post-9589","mec-events","type-mec-events","status-publish","has-post-thumbnail","hentry","mec_category-club-en","mec_tag-xerrada-en"],"_links":{"self":[{"href":"https:\/\/www.maritimbarcelona.org\/en\/wp-json\/wp\/v2\/mec-events\/9589","targetHints":{"allow":["GET"]}}],"collection":[{"href":"https:\/\/www.maritimbarcelona.org\/en\/wp-json\/wp\/v2\/mec-events"}],"about":[{"href":"https:\/\/www.maritimbarcelona.org\/en\/wp-json\/wp\/v2\/types\/mec-events"}],"author":[{"embeddable":true,"href":"https:\/\/www.maritimbarcelona.org\/en\/wp-json\/wp\/v2\/users\/4"}],"replies":[{"embeddable":true,"href":"https:\/\/www.maritimbarcelona.org\/en\/wp-json\/wp\/v2\/comments?post=9589"}],"wp:featuredmedia":[{"embeddable":true,"href":"https:\/\/www.maritimbarcelona.org\/en\/wp-json\/wp\/v2\/media\/9586"}],"wp:attachment":[{"href":"https:\/\/www.maritimbarcelona.org\/en\/wp-json\/wp\/v2\/media?parent=9589"}],"wp:term":[{"taxonomy":"mec_category","embeddable":true,"href":"https:\/\/www.maritimbarcelona.org\/en\/wp-json\/wp\/v2\/mec_category?post=9589"},{"taxonomy":"mec_tag","embeddable":true,"href":"https:\/\/www.maritimbarcelona.org\/en\/wp-json\/wp\/v2\/mec_tag?post=9589"}],"curies":[{"name":"wp","href":"https:\/\/api.w.org\/{rel}","templated":true}]}}

LES XERRADES DEL MARÍTIM

<p>Socis, amics i navegants</p>
<p>El proper divendres 17 de juny a les 19h, us convidem a la xerrada que ens oferirà Tony Gratacós sobre la seva novel·la &#8220;Nadie lo sabe&#8221;, un thriller fascinant sobre la primera volta al món.</p>
<p>Us esperem al Saló Noble.</p>
<p>Agrairem confirmació d’assistència, enviant un e-mail a: <a href="mailto:club@maritimbarcelona.org">club@maritimbarcelona.org</a></p>
<p>&nbsp;</p>
<p><a href="https://www.maritimbarcelona.org/wp-content/uploads/2022/06/Nadie-lo-sabe_CAT.pdf">Nadie lo sabe_CAT</a> <a href="https://www.maritimbarcelona.org/wp-content/uploads/2022/06/Nadie-lo-sabe_CAST.pdf">Nadie lo sabe_CAST</a></p>

<p>Socis, amics i navegants El proper divendres 17 de juny a les 19h, us convidem a la xerrada que ens oferirà Tony Gratacós sobre la seva novel·la &#8220;Nadie lo sabe&#8221;, un thriller fascinant sobre la primera volta al món. Us esperem al Saló Noble. Agrairem confirmació d’assistència, enviant un e-mail a: club@maritimbarcelona.org &nbsp; Nadie lo sabe_CAT [&hellip;]</p>
