{"id":9387,"date":"2022-04-14T15:26:41","date_gmt":"2022-04-14T13:26:41","guid":{"rendered":"https:\/\/www.maritimbarcelona.org\/agenda\/llibreria-nautica-al-maritim\/"},"modified":"2023-06-06T11:29:32","modified_gmt":"2023-06-06T09:29:32","slug":"llibreria-nautica-al-maritim","status":"publish","type":"mec-events","link":"https:\/\/www.maritimbarcelona.org\/en\/calendari\/llibreria-nautica-al-maritim\/","title":{"rendered":"LLIBRERIA N\u00c0UTICA AL MAR\u00cdTIM"},"content":{"rendered":"<p class=\"_04xlpA direction-ltr align-center para-style-body\"><span class=\"JsGRdQ\">El 20 i 21 d&#8217;abril a partir de les 17 h <\/span><span class=\"JsGRdQ\">vine al club a comprar el llibre <\/span><span class=\"JsGRdQ\">de Sant Jordi a l&#8217;estand <\/span><span class=\"JsGRdQ\">de la Llibreria N\u00e0utica.<\/span><\/p>\n<p class=\"_04xlpA direction-ltr align-center para-style-body\"><span class=\"JsGRdQ\">Us hi esperem!<\/span><\/p>\n<p class=\"_04xlpA direction-ltr align-center para-style-body\"><a href=\"https:\/\/www.maritimbarcelona.org\/wp-content\/uploads\/2022\/04\/MARITIM_LlibreriaNautica.pdf\">MAR\u00cdTIM_LlibreriaN\u00e0utica<\/a><\/p>\n<p>&nbsp;<\/p>\n","protected":false},"excerpt":{"rendered":"<p>El 20 i 21 d&#8217;abril a partir de les 17 h vine al club a comprar el llibre de Sant Jordi a l&#8217;estand de la Llibreria N\u00e0utica. Us hi esperem! MAR\u00cdTIM_LlibreriaN\u00e0utica &nbsp;<\/p>\n","protected":false},"author":4,"featured_media":9384,"comment_status":"closed","ping_status":"closed","template":"","mec_category":[180],"mec_tag":[244],"class_list":["post-9387","mec-events","type-mec-events","status-publish","has-post-thumbnail","hentry","mec_category-club-en","mec_tag-exposicio-en"],"_links":{"self":[{"href":"https:\/\/www.maritimbarcelona.org\/en\/wp-json\/wp\/v2\/mec-events\/9387","targetHints":{"allow":["GET"]}}],"collection":[{"href":"https:\/\/www.maritimbarcelona.org\/en\/wp-json\/wp\/v2\/mec-events"}],"about":[{"href":"https:\/\/www.maritimbarcelona.org\/en\/wp-json\/wp\/v2\/types\/mec-events"}],"author":[{"embeddable":true,"href":"https:\/\/www.maritimbarcelona.org\/en\/wp-json\/wp\/v2\/users\/4"}],"replies":[{"embeddable":true,"href":"https:\/\/www.maritimbarcelona.org\/en\/wp-json\/wp\/v2\/comments?post=9387"}],"wp:featuredmedia":[{"embeddable":true,"href":"https:\/\/www.maritimbarcelona.org\/en\/wp-json\/wp\/v2\/media\/9384"}],"wp:attachment":[{"href":"https:\/\/www.maritimbarcelona.org\/en\/wp-json\/wp\/v2\/media?parent=9387"}],"wp:term":[{"taxonomy":"mec_category","embeddable":true,"href":"https:\/\/www.maritimbarcelona.org\/en\/wp-json\/wp\/v2\/mec_category?post=9387"},{"taxonomy":"mec_tag","embeddable":true,"href":"https:\/\/www.maritimbarcelona.org\/en\/wp-json\/wp\/v2\/mec_tag?post=9387"}],"curies":[{"name":"wp","href":"https:\/\/api.w.org\/{rel}","templated":true}]}}

LLIBRERIA NÀUTICA AL MARÍTIM

<p class="_04xlpA direction-ltr align-center para-style-body"><span class="JsGRdQ">El 20 i 21 d&#8217;abril a partir de les 17 h </span><span class="JsGRdQ">vine al club a comprar el llibre </span><span class="JsGRdQ">de Sant Jordi a l&#8217;estand </span><span class="JsGRdQ">de la Llibreria Nàutica.</span></p>
<p class="_04xlpA direction-ltr align-center para-style-body"><span class="JsGRdQ">Us hi esperem!</span></p>
<p class="_04xlpA direction-ltr align-center para-style-body"><a href="https://www.maritimbarcelona.org/wp-content/uploads/2022/04/MARITIM_LlibreriaNautica.pdf">MARÍTIM_LlibreriaNàutica</a></p>
<p>&nbsp;</p>

<p>El 20 i 21 d&#8217;abril a partir de les 17 h vine al club a comprar el llibre de Sant Jordi a l&#8217;estand de la Llibreria Nàutica. Us hi esperem! MARÍTIM_LlibreriaNàutica &nbsp;</p>
